2*d - d + 6. Let i = s + 119. List the prime factors of i.
3, 13
Suppose 29*y - 65*y + 985842 = 63*y. List the prime factors of y.
2, 13, 383
List the prime factors of (-7 + -1)*(-747 + 4).
2, 743
Let p = -138 - -84. Let i = -31 - p. What are the prime factors of i?
23
Let u be 1/(-1) + 1/(-2)*-10. Suppose -2*t - 60848 = 5*j, 2*j + 9*t - u*t = -24356. What are the prime factors of (2/3)/((-48)/j)?
13
Let c be (-324)/(-48) - (-1)/4. List the prime factors of (-43)/((c/35)/((-3)/5)).
3, 43
Suppose -5*f + 27271 = -p - 179158, -5*f + 4*p + 206441 = 0. What are the prime factors of f?
5, 23, 359
Suppose 0*i = 2*i + 2*z + 2, -4*z - 40 = -5*i. Let b = 116 - 106. Suppose -4*l + 98 = -i*j - b, 31 = l + j. List the prime factors of l.
29
Let z be ((-204)/(-51))/((-2)/(8/(-2))). What are the prime factors of 3062/z - 8/128*-4?
383
Let j(h) = -25 + 7*h**2 + 42 + 5*h**2 - 25 + 6*h - 3*h. What are the prime factors of j(-8)?
2, 23
Let b be (19/2)/(1/(-2)). Let v = 122 - b. Suppose -v - 264 = -5*o. List the prime factors of o.
3
Let h(t) = -t**2 + 25*t - 2. Let n be h(22). Suppose -18*b = -14*b - n. Suppose -5*l = -x - b + 214, -2*x = -5*l - 396. List the prime factors of x.
2, 3, 11
Suppose 0 = -6*k + 29 - 17. Suppose 0 = k*q - 103*g + 101*g - 1084, 3*g + 6 = 0. What are the prime factors of q?
2, 3, 5
Suppose -3*d = -4*b - 0*d + 356, -2*d = -3*b + 266. Let k = -15 + b. Let l = -34 + k. List the prime factors of l.
37
Suppose 0 = -9*p - 51 + 24. List the prime factors of 1085*((2 - p) + -4) - 5.
2, 3, 5
Suppose 0 = -4*a - 97 + 377. Suppose -5*p + 380 = 4*c, -p = -11*c + 13*c - a. List the prime factors of ((-10)/(-8))/(((-4)/p)/(-1)).
5
Suppose -522*d - 31008 = -528*d. List the prime factors of d.
2, 17, 19
Let d = 50 + -29. Suppose 0 = -2*j - j + d. Suppose j*b = 3*b + 208. List the prime factors of b.
2, 13
Let d = 62 - 62. Suppose -3*w + 354 = 3*l, -l = 3*w - d*w - 108. Let n = -46 + l. List the prime factors of n.
7, 11
Let i = 342 - 334. Let g(c) = 13*c**2 + 59. What are the prime factors of g(i)?
3, 11
Suppose -45*y + 256675 = -84380. List the prime factors of y.
11, 13, 53
Let s(f) = -2*f**3 + 34*f**2 - 25*f + 76. Let o(b) = 5*b**3 - 68*b**2 + 51*b - 152. Let h(v) = 3*o(v) + 7*s(v). List the prime factors of h(-34).
2, 103
Suppose 5*l - 18698 = -2*b, b - l + 748 - 10090 = 0. List the prime factors of b.
2, 73
Suppose -4*t + 18 = 5*w, -20*t = -4*w - 15*t + 39. What are the prime factors of (-1)/(1/(-142))*w?
2, 3, 71
What are the prime factors of (-10 + 8 + -530)/(12/(-606))?
2, 7, 19, 101
Suppose 10*c = 6*c - 3108. Let x = c - -1155. What are the prime factors of x?
2, 3, 7
Suppose k + 2*k = -k. Suppose -4*h - 86 - 374 = k. Let s = h + 234. List the prime factors of s.
7, 17
Let o(t) = -t**2 + 24*t - 23. Suppose -5*z - 43 = -133. List the prime factors of o(z).
5, 17
Let v = -11069 - -26415. List the prime factors of v.
2, 7673
List the prime factors of (1342/616*21)/(2/256).
2, 3, 61
Let w = 0 - -5. Suppose 0 = 5*i - w - 10. Suppose -4*p + 51 = 3*a, 51 = i*p + 3*a - 5*a. List the prime factors of p.
3, 5
Suppose -864 = 3*m + 3*r, 348 = -5*m + 4*r - 1056. Let a = 1057 + m. List the prime factors of a.
773
Suppose x + 4 = 0, 2*s + 360*x = 355*x + 6560. List the prime factors of s.
2, 5, 7, 47
Let g(y) = 2*y**3 - 4*y**2 + 3*y. Let v be g(2). Let s(x) = 96 - 204 + 93 - x**2 + 9*x. What are the prime factors of s(v)?
3
Let j(p) = p**2 - 2*p - 10. Let s be j(0). List the prime factors of s + 9 + (-384)/(-1).
383
Suppose -5416 = -9*c + 146. Suppose 0 = -15*h + 1542 + c. What are the prime factors of h?
2, 3
Suppose 3*f = -5*h + 58, -4*h - 22 = -f - 3*h. Let v = -27 + f. Let t(g) = 4*g**2 + 14*g + 7. What are the prime factors of t(v)?
67
Suppose -9*s + 200534 = 14*s - 554832. What are the prime factors of s?
2, 16421
Suppose 4*t - 26891 = -3*m, 0 = 9*m - 11*m - 6. List the prime factors of t.
5, 269
Let b = -18 + 3. What are the prime factors of ((-63)/b)/((-2584)/(-860) + -3)?
3, 7, 43
Suppose 30*b - 27*b + 5*m = 35128, 0 = 5*b + 4*m - 58564. List the prime factors of b.
2, 29, 101
Let y be 10/2*(-2)/(-2). Let h(r) = 9*r + 3*r**2 + r**3 - 2*r**3 - 2*r**2 + 0*r**2 + 4*r**2. What are the prime factors of h(y)?
3, 5
Suppose -7 = -8*t + 41. What are the prime factors of (484/t)/(-2*10/(-180))?
2, 3, 11
Let n(h) = h**2 - 143. Let t be n(14). Let w = t + 140. What are the prime factors of w?
193
Suppose 10*l + 2*l - 43*l + 2181036 = 0. List the prime factors of l.
2, 3, 11, 13, 41
Let g(a) = 64*a**2 - 12*a - 79. Let h be g(-6). Let s = h + -1280. List the prime factors of s.
3, 113
Suppose 116056 = -124*d + 132*d. What are the prime factors of d?
89, 163
Suppose 27*l = 4*l + 267421. List the prime factors of l.
7, 11, 151
Let c = 223 - 99. Suppose 0 = -9*j + 772 - c. Suppose 0 = 9*b - 10*b + j. List the prime factors of b.
2, 3
Let t(z) = -21*z**2 + 1120*z - 40. What are the prime factors of t(45)?
5, 1567
Let z be -5*12/(-80)*-12. List the prime factors of 2/z + 18547/153.
11
Let l(s) = 47*s - 34. Suppose 2*j - 26 = 3*h - 0*h, 5*j = 5*h + 55. List the prime factors of l(j).
5, 59
Let m be (-106690)/(-4)*(-17)/((-425)/260). List the prime factors of m/564 + 1/6.
2, 3, 41
List the prime factors of 892/((4 - 8)*(-2 - (-147)/74)).
2, 37, 223
Suppose -5*l + 55 - 1845 = 0. Let s = 729 + l. List the prime factors of s.
7, 53
Suppose -5*g + 2*g = -12, 0 = 5*s - 3*g - 78. Suppose -2*q - 52 + s = 0. Let v = q - -57. List the prime factors of v.
2, 5
Let y = -20501 - -36083. What are the prime factors of y?
2, 3, 7, 53
Let m = 27427 - -4845. What are the prime factors of m?
2, 2017
What are the prime factors of 3/(-2*12/(-26920))?
5, 673
Suppose -10*i + 678 = -7*i. Suppose -9*a + 12*a = 267. Suppose -i = -5*y + a. What are the prime factors of y?
3, 7
Suppose -208*s + 225*s - 10404 = 0. Suppose 444 = 11*q - s. List the prime factors of q.
2, 3
Suppose b + 3*y = 7653, 490*b - 489*b - y - 7653 = 0. List the prime factors of b.
3, 2551
Suppose 72 = -m + 2*m. Let d = m - 76. List the prime factors of (d/(-10))/((-9)/(-4050)).
2, 3, 5
Let o be 26 - (2/(-7) - (-10)/35). Suppose -7*z = -o + 12. List the prime factors of 2 + 5/z*(59 + -1).
3, 7
Let y be -4 - (-24)/(-9)*-3. Suppose 4*b - 3*c = 2758 - 723, -y*b = 2*c - 2010. What are the prime factors of b?
5, 101
Let i(n) = 473*n**2 - n. Let o be i(-2). Let m = 2662 - o. List the prime factors of m.
2, 3
Suppose -3*b + 1695 + 1051 = 4*x, x - 698 = 5*b. Suppose 5*a - 2008 = -x. List the prime factors of a.
2, 3, 11
Suppose 2*g = 262 - 92. Suppose -2*s + 717 - g = 0. What are the prime factors of s?
2, 79
Suppose 0 = -0*s - 5*s + 5*w - 430, 3*s + 3*w + 246 = 0. Let q = 85 + s. List the prime factors of (358/(-2) + -6)*(-2 + q).
5, 37
List the prime factors of 73/(1460/1560)*1*345.
2, 3, 5, 13, 23
List the prime factors of (19079 - -2) + (-3549)/(-273).
2, 9547
Suppose 13*h - 15795 = -975. Suppose 501*l + h = 504*l. What are the prime factors of l?
2, 5, 19
Let m(w) = -7*w + 33. Let r(g) = 2*g + 56. Let i be r(0). Suppose -4*a + 0*y = 4*y + i, -4*a + 3*y - 63 = 0. List the prime factors of m(a).
2, 3, 23
Let l be 14594/8 - (-1)/(-4). Suppose -w - l = -17*w. What are the prime factors of w?
2, 3, 19
Suppose 5*n + 535 = -2*y + 71, -5*n = -2*y - 444. Let l = y + 330. What are the prime factors of l?
103
Let c be 9/6 - (-2325)/10. Suppose f - c = 5*n, 2*f - 452 = -5*n + 7*n. List the prime factors of f.
2, 7
Let t(y) = -22*y - 41. Let f be (-1 - -16)/(-2*(-4)/8). Let j be t(f). Let b = j - -564. What are the prime factors of b?
193
Let k = -87 - -94. Let w(s) = 10*s**2 - s + 3. List the prime factors of w(k).
2, 3
Let s = -8357 + 14693. What are the prime factors of s?
2, 3, 11
Let n = -29 - -243. Suppose 0 = -4*i + 5*s + 2743, -i + 893 - n = s. List the prime factors of i.
2, 11, 31
Let d be (-3)/(-9)*(9 + 0). Suppose -5*b = 3*h + 12, -2*h - 16 + 8 = 0. Suppose 425 = 5*w + d*y, 0 = 5*y - b - 25. What are the prime factors of w?
2, 41
Suppose -3*g = z - 5376, 10*g = 4*g + 6. List the prime factors of z.
3, 199
Suppose 4*i - 84 = k, i + 4*k = -k + 21. Suppose 3*p + i = 9. What are the prime factors of -4 - (p + -22 - 2)?
2, 3
Suppose 0 = -c + 5*b + 45, -3*c + 55 = b - 32. Suppose 2*q - 135 = -4*o + 3*q, 0 = -o + q + c. List the prim